Is 391019 a composite number?
False
Is 14133727 a prime number?
True
Is 2284327 composite?
False
Is 21685967 a composite number?
False
Is 657097 a prime number?
False
Is 41508139 composite?
False
Is 6144013 prime?
False
Is 3389077 a composite number?
False
Is 9921817 prime?
True
Is 230749187 a composite number?
True
Is 3299585 prime?
False
Is 293543 prime?
True
Is 64434457 prime?
True
Is 16771 composite?
True
Is 138960923 composite?
True
Is 3307179 composite?
True
Is 27059371 a prime number?
True
Is 2868773 a composite number?
False
Is 53113339 prime?
True
Is 36000551 prime?
True
Is 11402471 a composite number?
False
Is 2826829 a prime number?
True
Is 1201042447 a prime number?
False
Is 184019 composite?
True
Is 7131281 a composite number?
False
Is 4175453 a prime number?
True
Is 102905693 prime?
False
Is 40538347 prime?
False
Is 16696681 prime?
True
Is 23257589 a composite number?
True
Is 35116283 a prime number?
False
Is 593162869 a prime number?
False
Is 547115 a composite number?
True
Is 36222071 composite?
False
Is 868145 composite?
True
Is 6495509 composite?
False
Is 1968017 composite?
False
Is 128096191 a prime number?
False
Is 295817 a prime number?
False
Is 21337651 a prime number?
False
Is 3510021 a prime number?
False
Is 223065965 a prime number?
False
Is 2415849443 a prime number?
False
Is 103895878 composite?
True
Is 345457133 composite?
True
Is 8090449 a composite number?
True
Is 23222891 a prime number?
True
Is 57339211 a prime number?
True
Is 3488749 a composite number?
True
Is 1906411 composite?
True
Is 52791581 prime?
True
Is 12838733 prime?
True
Is 1906811 composite?
False
Is 2143019 a prime number?
True
Is 5611835 a composite number?
True
Is 27628771 composite?
False
Is 21519167 a prime number?
True
Is 25875881 a prime number?
True
Is 128370527 a prime number?
False
Is 104633 a prime number?
False
Is 665637789 a prime number?
False
Is 11362243 composite?
True
Is 1340771 a prime number?
False
Is 7373681 prime?
False
Is 497013841 prime?
True
Is 8217523 composite?
False
Is 5484131 prime?
True
Is 1193531 a prime number?
False
Is 7171973 a prime number?
False
Is 5005127 composite?
False
Is 142127893 a composite number?
False
Is 37448891 a prime number?
True
Is 286172143 a prime number?
False
Is 128647723 a composite number?
False
Is 8048453 a composite number?
True
Is 47618621 composite?
False
Is 1109373 prime?
False
Is 7236289 composite?
False
Is 9338187 prime?
False
Is 68051189 prime?
True
Is 18229 a composite number?
False
Is 8935435 prime?
False
Is 99564433 prime?
False
Is 45157526 prime?
False
Is 12562201 a composite number?
True
Is 353357 a prime number?
False
Is 97023 a composite number?
True
Is 243874 a composite number?
True
Is 45757 a prime number?
True
Is 1040423 a composite number?
True
Is 56611381 composite?
False
Is 1177681 a prime number?
True
Is 77255179 composite?
True
Is 35150663 a composite number?
False
Is 23388545 composite?
True
Is 365987971 a composite number?
False
Is 272453963 composite?
False
Is 4176517 a prime number?
True
Is 5431493 prime?
False
Is 348149 prime?
True
Is 2371613 prime?
False
Is 2805781 a prime number?
False
Is 2111713 prime?
True
Is 991 a composite number?
False
Is 226951 a prime number?
False
Is 256031 a prime number?
True
Is 2681803 a prime number?
True
Is 2388973 prime?
False
Is 6177397 prime?
True
Is 14056241 prime?
True
Is 1898801 composite?
False
Is 6824563 prime?
False
Is 10879849 a prime number?
False
Is 1588559 prime?
False
Is 24937153 a prime number?
True
Is 139549 prime?
False
Is 11361161 composite?
True
Is 23417 a prime number?
True
Is 15164213 prime?
True
Is 154321 a prime number?
True
Is 731064047 composite?
True
Is 486407 prime?
True
Is 10858021 a composite number?
False
Is 3257689 prime?
True
Is 27720769 composite?
False
Is 19076963 composite?
False
Is 9996241 a composite number?
False
Is 81154813 prime?
False
Is 3534059 a prime number?
False
Is 8293283 a prime number?
True
Is 35704301 a composite number?
True
Is 23611681 a prime number?
False
Is 191610407 composite?
False
Is 31096581 composite?
True
Is 3479667 a composite number?
True
Is 20890447 prime?
True
Is 648763 composite?
False
Is 104498395 prime?
False
Is 13752287 a composite number?
False
Is 1618891 a composite number?
False
Is 17614423 a composite number?
False
Is 164483699 a composite number?
False
Is 2016269 prime?
True
Is 1247123 a prime number?
False
Is 24885907 a prime number?
True
Is 4311871 a prime number?
True
Is 49055843 a composite number?
False
Is 1959743 a composite number?
True
Is 5011759 a prime number?
True
Is 26998451 prime?
True
Is 299991907 a composite number?
True
Is 214879261 prime?
False
Is 121691 a prime number?
False
Is 139034387 prime?
False
Is 17666171 a composite number?
False
Is 2895877 composite?
True
Is 25601291 a prime number?
True
Is 9796699 composite?
True
Is 1359161 composite?
False
Is 31286303 composite?
False
Is 4208019 a prime number?
False
Is 8614829 a prime number?
True
Is 902081 prime?
False
Is 220642391 composite?
False
Is 9016633 a prime number?
False
Is 18661537 composite?
False
Is 199659319 prime?
True
Is 12484861 a composite number?
False
Is 10499113 a composite number?
False
Is 36813473 a prime number?
False
Is 6018769 composite?
False
Is 3627313 a prime number?
False
Is 10164701 prime?
True
Is 11195183 a prime number?
False
Is 46462177 a prime number?
False
Is 19676179 a composite number?
False
Is 176811949 a composite number?
False
Is 8981249 composite?
False
Is 110581711 a prime number?
True
Is 1188882961 composite?
True
Is 7896569 a prime number?
True
Is 75124743 a composite number?
True
Is 166109137 composite?
False
Is 77092187 composite?
False
Is 25142753 composite?
True
Is 131746999 a composite number?
False
Is 2979043 prime?
True
Is 20726317 a prime number?
True
Is 3653089 a prime number?
False
Is 23865941 prime?
False
Is 26313163 a composite number?
False
Is 6086609 a prime number?
False
Is 40449979 a composite number?
False
Is 8498989 a composite number?
False
Is 15647629 prime?
True
Is 753533089 a prime number?
False
Is 7538917 a prime number?
False
Is 25944421 a composite number?
True
Is 8953303 a composite number?
False
Is 47312981 composite?
True
Is 3040811 prime?
True
Is 278279422 composite?
True
Is 47117389 composite?
True
Is 2299429 a prime number?
False
Is 21527987 a prime number?
False
Is 869483 a prime number?
False
Is 5003569 a prime number?
False
Is 1802261 a prime number?
True
Is 67043507 a composite number?
False
Is 58874461 prime?
True
Is 22582257 prime?
False
Is 27291809 a composite number?
True
Is 2319013 a composite number?
False
Is 5739667 a composite number?
False
Is 72769573 a composite number?
False
Is 65366681 a composite number?
True
Is 38709547 composite?
False
Is 987353327 a composite number?
False
Is 246062605 prime?
False
Is 4175518 composite?
True
Is 20228459 composite?
True
Is 1339487 a prime number?
True
Is 62045 a prime number?
False
Is 185939609 composite?
False
Is 4293199 prime?
True
Is 11588519 a composite number?
False
Is 15356609 a prime number?
True
Is 493703 composite?
True
Is 151948019 a prime number?
False
Is 1198723349 prime?
True
Is 8761762 composite?
True
Is 2588891 composite?
True
Is 597209 a prime number?
True
Is 3198847 a prime number?
False
Is 30200083 composite?
False
Is 201884503 a prime number?
False
Is 20074247 a composite number?
True
Is 244072753 composite?
False
Is 3480751 a composite number?
True
Is 870452278 a composite number?
True
Is 36626199 a composite number?
True
Is 568637 a composite number?
True
Is 82603091 prime?
True
Is 214900643 a prime number?
False
Is 334731511 prime?
False
Is 253499807 prime?
False
Is 6656837 prime?
False
Is 43522841 a composite number?
True
Is 328130809 a composite number?
False
Is 804974 a prime number?
False
Is 278753593 a prime number?
False
Is 533543 prime?
True
Is 59630029 a prime number?
True
Is 2360321 a composite number?
False
Is 7932014 composite?
True
Is 379124353 composite?
False
Is 46144099 composite?
True
Is 3246409 composite?
True
Is 260849 a prime number?
True
Is 294620617 a prime number?
True
Is 6033737 a composite number?
False
Is 4429673 composite?
True
Is 7898207 a prime number?
False
Is 5369183 prime?
True
Is 4740887 a prime number?
True
Is 12